{"id":39,"date":"2025-08-05T11:16:37","date_gmt":"2025-08-05T11:16:37","guid":{"rendered":"https:\/\/demo.ipekosgb.com.tr\/?page_id=39"},"modified":"2025-08-05T11:48:37","modified_gmt":"2025-08-05T11:48:37","slug":"laboratuvarhizmetleri","status":"publish","type":"page","link":"https:\/\/demo.ipekosgb.com.tr\/?page_id=39","title":{"rendered":"Laboratuvar Hizmetleri"},"content":{"rendered":"\t\t<div data-elementor-type=\"wp-page\" data-elementor-id=\"39\" class=\"elementor elementor-39\">\n\t\t\t\t<div class=\"elementor-element elementor-element-b71dc17 e-flex e-con-boxed e-con e-parent\" data-id=\"b71dc17\" data-element_type=\"container\">\n\t\t\t\t\t<div class=\"e-con-inner\">\n\t\t\t\t<div class=\"elementor-element elementor-element-8480dea elementor-widget__width-auto elementor-widget elementor-widget-image\" data-id=\"8480dea\" data-element_type=\"widget\" data-widget_type=\"image.default\">\n\t\t\t\t\t\t\t\t\t\t\t\t\t\t\t<img fetchpriority=\"high\" decoding=\"async\" width=\"1536\" height=\"1024\" src=\"https:\/\/demo.ipekosgb.com.tr\/wp-content\/uploads\/2025\/08\/1-1536x1024.jpg\" class=\"attachment-1536x1536 size-1536x1536 wp-image-53\" alt=\"\" srcset=\"https:\/\/demo.ipekosgb.com.tr\/wp-content\/uploads\/2025\/08\/1-1536x1024.jpg 1536w, https:\/\/demo.ipekosgb.com.tr\/wp-content\/uploads\/2025\/08\/1-300x200.jpg 300w, https:\/\/demo.ipekosgb.com.tr\/wp-content\/uploads\/2025\/08\/1-1024x683.jpg 1024w, https:\/\/demo.ipekosgb.com.tr\/wp-content\/uploads\/2025\/08\/1-768x512.jpg 768w, https:\/\/demo.ipekosgb.com.tr\/wp-content\/uploads\/2025\/08\/1.jpg 2048w\" sizes=\"(max-width: 1536px) 100vw, 1536px\" \/>\t\t\t\t\t\t\t\t\t\t\t\t\t\t\t<\/div>\n\t\t\t\t\t<\/div>\n\t\t\t\t<\/div>\n\t\t<div class=\"elementor-element elementor-element-38bf4f9 e-flex e-con-boxed e-con e-parent\" data-id=\"38bf4f9\" data-element_type=\"container\">\n\t\t\t\t\t<div class=\"e-con-inner\">\n\t\t\t\t\t<\/div>\n\t\t\t\t<\/div>\n\t\t<div class=\"elementor-element elementor-element-9273f80 e-flex e-con-boxed e-con e-parent\" data-id=\"9273f80\" data-element_type=\"container\">\n\t\t\t\t\t<div class=\"e-con-inner\">\n\t\t\t\t<div class=\"elementor-element elementor-element-e006954 elementor-widget elementor-widget-text-editor\" data-id=\"e006954\" data-element_type=\"widget\" data-widget_type=\"text-editor.default\">\n\t\t\t\t\t\t\t\t\t<p><strong>\u0130pek Sa\u011fl\u0131k Laboratuvar hizmeti;<\/strong>&nbsp;\u00e7al\u0131\u015fanlar\u0131n i\u015fe giri\u015f ve periyodik sa\u011fl\u0131k taramalar\u0131n\u0131 i\u015fin niteli\u011fine g\u00f6re titizlikle yaparak ayn\u0131 g\u00fcn sonu\u00e7land\u0131rmaktad\u0131r.&nbsp; \u0130\u015fe giri\u015f sa\u011fl\u0131k raporlar\u0131m\u0131z, veri tabanl\u0131 alt yap\u0131m\u0131z ile&nbsp;sa\u011fl\u0131k bilgi y\u00f6netim sistemine entegre edilecek \u015fekilde d\u00fczenlenmi\u015ftir. T\u00fcm sonu\u00e7lar\u0131m\u0131z uzman hekimler taraf\u0131ndan e-imza ile onayl\u0131 olarak y\u00fcklenmektedir. Her firmaya \u00f6zel tan\u0131mlad\u0131\u011f\u0131m\u0131z \u015fifre ile t\u00fcm m\u00fc\u015fterilerimiz sonu\u00e7lara dijital ortamda rahatl\u0131kla ula\u015fabilmekte, \u00e7al\u0131\u015fanlar\u0131n\u0131n ar\u015fivini de burada biriktirme olana\u011f\u0131 sunmaktay\u0131z.<br>Yap\u0131lan Tetkikleri ile ilgili olarak;<br><strong>Akci\u011fer grafisi:<\/strong>&nbsp;&nbsp;\u0130\u015fe giri\u015flerde ve periyodik olarak hem yasal hem de t\u0131bbi \u00f6nemi y\u00fcksek olan bir uygulamad\u0131r. \u00d6zellikle \u00e7al\u0131\u015fanlar\u0131n mesleki akci\u011fer hastal\u0131klar\u0131na yakalanmamas\u0131 i\u00e7in erken te\u015fhis imkan\u0131 sa\u011flamas\u0131ndan dolay\u0131 \u00f6nemlidir. \u0130\u015fe giri\u015f yapacak \u00e7al\u0131\u015fan\u0131n akci\u011ferlerinin i\u015fyerinde yapaca\u011f\u0131 i\u015fe uygun olup olmad\u0131\u011f\u0131n\u0131 tespit etmekte gereklidir. Ayr\u0131ca i\u015fyerinde maruziyete u\u011frayan \u00e7al\u0131\u015fanlar\u0131n periyodik olarak akci\u011fer filmleri \u00e7ekilerek olas\u0131 etkileri takip edilir ve mesleki akci\u011fer hastal\u0131klar\u0131n\u0131n \u00f6n\u00fcne ge\u00e7ilebilir.<br><strong>Solunum Fonksiyon Testi:<\/strong>&nbsp;&nbsp;Akci\u011fer fonksiyonlar\u0131n\u0131 de\u011ferlendirmede kullan\u0131lan temel test y\u00f6ntemidir. Meslek hastal\u0131klar\u0131n\u0131n tan\u0131, tarama ve maluliyet de\u011ferlendirilmesinde rutin olarak kullan\u0131l\u0131r. \u00c7al\u0131\u015fanlar\u0131n i\u015f yerlerinde maruz kald\u0131klar\u0131 ortam \u015fartlar\u0131na kar\u015f\u0131 akci\u011ferlerin fonksiyonel sa\u011fl\u0131\u011f\u0131n\u0131 takip edebilmek i\u00e7in rutin sa\u011fl\u0131k taramalar\u0131nda \u00f6nemli rol oynar.<br><strong>\u0130\u015fitme testi:<\/strong>&nbsp;&nbsp;Bir di\u011fer ad\u0131yla&nbsp;odyometri&nbsp;testi ne kadar ses i\u015fitebildi\u011finizi \u00f6l\u00e7er.&nbsp;Her iki kula\u011f\u0131n de\u011fi\u015fik frekanslardaki (ince ve kal\u0131n seslerdeki) duyabildi\u011fi en az ses \u015fiddetini (duyma e\u015fi\u011fi) belirler.&nbsp;Bu testte i\u015fitme g\u00fc\u00e7l\u00fc\u011f\u00fc de\u011ferlendirilir. Ki\u015finin ka\u00e7 dB\u2019deki sesleri duyabildi\u011fi \u00f6l\u00e7\u00fcl\u00fcr ve i\u015fitme kayb\u0131&nbsp;tespit edilirse sonucuna&nbsp;i\u015flenir.&nbsp;\u0130\u015fitme testi \u00f6zellikle i\u015fe giri\u015f yapacak ve y\u00fcksek sesli ortamlarda \u00e7al\u0131\u015facak olanlarda \u00f6nemli bir tetkiktir. Ayr\u0131ca y\u00fcksek sesli ortamlarda gerekli \u00f6nlemler al\u0131nmadan yap\u0131lan \u00e7al\u0131\u015fmalarda da sese ba\u011fl\u0131 duyum yitimleri g\u00f6zlenmektedir. Bu \u00e7al\u0131\u015fanlar\u0131nda periyodik olarak&nbsp;i\u015fitme testi&nbsp;yap\u0131larak herhangi bir maruziyete u\u011fray\u0131p u\u011framad\u0131\u011f\u0131 devaml\u0131 g\u00f6zetim alt\u0131nda tutulmal\u0131d\u0131r.<br><strong>G\u00f6rme bozukluklar\u0131:<\/strong>&nbsp;\u00c7al\u0131\u015fanlar\u0131n yapt\u0131klar\u0131 i\u015fler i\u00e7in g\u00f6rme kalitesi a\u00e7\u0131s\u0131ndan uygun olup olmad\u0131klar\u0131n\u0131 anlamak i\u00e7in rutin g\u00f6z k\u0131rma kusuru taramalar\u0131 \u00f6nemlidir. \u00c7al\u0131\u015fan personellerin g\u00f6rme d\u00fczeylerinin yeterli olup olmad\u0131klar\u0131n\u0131n anla\u015f\u0131labilmesi i\u00e7in g\u00f6z taramalar\u0131 yap\u0131lmal\u0131d\u0131r.<br>EKG&nbsp;; Kalp kas\u0131n\u0131n ve ileti a\u011f\u0131n\u0131n \u00e7al\u0131\u015fmas\u0131n\u0131 incelemek \u00fczere, kalpte meydana gelen elektriksel faaliyetin kaydedilmesiyle elde edilen ileti kay\u0131tlar\u0131d\u0131r.&nbsp;Bu bulgular hekimler taraf\u0131ndan de\u011ferlendirilmektedir. Elektrokardiyografi kalp geni\u015flemesi, kalp b\u00fcy\u00fcmesi, kalbe giden kan miktar\u0131ndaki azalma, yeni veya eski kalp hasarlar\u0131, kalp ritim problemleri ve de\u011fi\u015fik kalp ve kalbi saran zar hastal\u0131klar\u0131 hakk\u0131nda \u00f6nemli bilgiler verebilmektedir.<\/p>\n<p><strong>LABORATUVAR H\u0130ZMETLER\u0130:<\/strong>&nbsp;\u00c7al\u0131\u015fanlar\u0131n sa\u011fl\u0131\u011f\u0131, yapacaklar\u0131 i\u015fe uygunlu\u011funun de\u011ferlendirilmesi i\u00e7in gerekli tahlil ve tetkiklerin yap\u0131lmas\u0131 i\u00e7in laboratuvar hizmetlerini kendi b\u00fcnyemizde vermekteyiz.&nbsp;<\/p>\n<ul>\n<li>Hemogram (Kan say\u0131m\u0131)<\/li>\n<li>Kan Grubu<\/li>\n<li>Kan \u015eekeri (A\u00e7l\u0131k-Tokluk)<\/li>\n<li>HbA1c<\/li>\n<li>Kolesterol Ve T\u00fcrevleri<\/li>\n<li>Fe(Demir)<\/li>\n<li>Fe Ba\u011flama<\/li>\n<li>Tam \u0130drar Tahlili (T.\u0130.T)<\/li>\n<li>SGOT (AST)<\/li>\n<li>SGPT (ALT)<\/li>\n<li>GGT<\/li>\n<li>LDH<\/li>\n<li>\u00dcre<\/li>\n<li>Keratinin<\/li>\n<li>\u00dcrik asit<\/li>\n<li>Seralojik tetkikler<\/li>\n<li>Anti HBs<\/li>\n<li>HBsAg<\/li>\n<li>Anti HCV<\/li>\n<li>HIV 1+2<\/li>\n<\/ul>\n<p><strong>Port\u00f6r Muayenesi:<\/strong>&nbsp;Port\u00f6r testi&nbsp;bir ki\u015finin herhangi bir vir\u00fcs\u00fc veya bakteriyi ta\u015f\u0131y\u0131p ta\u015f\u0131mad\u0131\u011f\u0131n\u0131 belirlemeye yard\u0131mc\u0131 olan testlerden biridir. Bu test g\u0131da sekt\u00f6r\u00fc gibi insan etkile\u015fimi y\u00fcksek \u00e7al\u0131\u015fma alanlar\u0131nda daha fazla yap\u0131lmaktad\u0131r.&nbsp;\u00c7al\u0131\u015fanlar\u0131n port\u00f6r muayenesinden ge\u00e7meleri, i\u015fyeri kaynakl\u0131 hastal\u0131k yay\u0131l\u0131mlar\u0131n\u0131n \u00f6nlenmesi a\u00e7\u0131s\u0131ndan \u00f6nemlidir.&nbsp;Port\u00f6r muayenesine ek olarak g\u0131da ile temasta bulunan ki\u015filerin d\u00fczenli olarak Hepatit B testi de yapt\u0131rmas\u0131 gerekmektedir.&nbsp;\u00c7al\u0131\u015fanlar\u0131n port\u00f6r muayenelerini yapt\u0131rmalar\u0131, i\u015fyeri kaynakl\u0131 hastal\u0131k yay\u0131l\u0131mlar\u0131n\u0131n \u00f6nlenmesi a\u00e7\u0131s\u0131ndan \u00f6nemlidir.<\/p>\n<ul>\n<li>Gaita K\u00fclt\u00fcr\u00fc ( Salmonella ve Shigella y\u00f6n\u00fcnden)<\/li>\n<li>D\u0131\u015fk\u0131n\u0131n mikroskobik incelenmesi ( Entamoeba, histolytica kistleri, giardia lambia kistleri ve helmint yumurtalar\u0131 y\u00f6n\u00fcnden)<\/li>\n<li>Bo\u011faz ve Burun K\u00fclt\u00fcr\u00fc (Staphylococcus aureus y\u00f6n\u00fcnden, en az y\u0131lda bir)<\/li>\n<\/ul>\n<p><strong>A\u015eI UYGULAMALARI ;<\/strong><\/p>\n<ul>\n<li>Tetanoz A\u015f\u0131s\u0131<\/li>\n<li>Hepatit B A\u015f\u0131s\u0131<\/li>\n<li>Grip A\u015f\u0131s\u0131<\/li>\n<\/ul>\n<p>Tetanoz a\u015f\u0131s\u0131,&nbsp;\u0130\u015f ortam\u0131nda kirli maddelerle temas ve yaralanma riski fazlad\u0131r. Uluslararas\u0131 \u00e7al\u0131\u015fmalarda eri\u015fkinlerin ya\u015fla artan oranda tetanoz ve difteriye kar\u015f\u0131 ba\u011f\u0131\u015f\u0131k olmad\u0131klar\u0131, bu oran\u0131n %40&#8242; lara vard\u0131\u011f\u0131 tespit edilmi\u015ftir.&nbsp;Bu a\u015f\u0131lar en az 60 ya\u015f\u0131na kadar yapt\u0131r\u0131lmas\u0131 gereken a\u015f\u0131lar aras\u0131nda yer al\u0131r ve bilinmelidir ki \u00e7ocuklarda oldu\u011fu gibi&nbsp;yeti\u015fkinlerde tetanoz a\u015f\u0131s\u0131,&nbsp;bir\u00e7ok zaman hayat kurtar\u0131c\u0131d\u0131r. Sizlerde gerekli tetanoz a\u015f\u0131lar\u0131n\u0131 zaman\u0131n\u0131 aksatmadan yaparak bir\u00e7ok hastal\u0131ktan korunabilirsiniz.<br>Hepatit B a\u015f\u0131s\u0131;&nbsp;Hepatit B a\u015f\u0131s\u0131 insanlar\u0131 Hepatit B enfeksiyonundan korur.&nbsp;Hastal\u0131\u011f\u0131n etkeni, Hepatit B vir\u00fcs\u00fcd\u00fcr. Bula\u015f\u0131c\u0131 ve \u00f6nemli bir karaci\u011fer hastal\u0131\u011f\u0131 olan Hepatit B, d\u00fcnya \u00e7ap\u0131nda yayg\u0131n olarak g\u00f6r\u00fclen iltihabi bir hastal\u0131kt\u0131r.&nbsp;&nbsp;Hepatit B a\u015f\u0131s\u0131, hepatit B vir\u00fcs\u00fcn\u00fcn par\u00e7alardan \u00fcretilir. Bu nedenle enfeksiyona neden olamaz. Hepatit B vir\u00fcs\u00fc enfeksiyonu riski ta\u015f\u0131yan a\u015f\u0131lanmam\u0131\u015f&nbsp;eri\u015fkinlere hepatit B a\u015f\u0131s\u0131 \u00f6nerilir.&nbsp;Hepatit B a\u015f\u0131s\u0131;&nbsp;daha \u00f6nce hepatit b\u2019yi ge\u00e7irerek ya da buna kar\u015f\u0131 a\u015f\u0131 ile korunulmam\u0131\u015f eri\u015fkin ya\u015f grubunda 3 doz a\u015f\u0131 ile ba\u011f\u0131\u015f\u0131kl\u0131k sa\u011flar.&nbsp;Bu ba\u011f\u0131\u015f\u0131klama yakla\u015f\u0131k olarak 20 y\u0131l koruyabilir.<\/p>\n<p>Grip a\u015f\u0131s\u0131,&nbsp;Grip genellikle k\u0131\u015f aylar\u0131nda g\u00f6r\u00fclen ve insanlar\u0131n \u00f6ks\u00fcrerek ve hap\u015f\u0131rarak \u00e7\u0131kard\u0131klar\u0131 vir\u00fcslerle yay\u0131lan bir hastal\u0131kt\u0131r. Grip a\u015f\u0131s\u0131 vir\u00fcsten korunman\u0131n en iyi yoludur.&nbsp;Grip a\u015f\u0131s\u0131 vir\u00fcs\u00fcn\u00fcn yap\u0131s\u0131n\u0131 de\u011fi\u015ftirmesi nedeni ile&nbsp;korunmaya devam etti\u011finizden emin olmak i\u00e7in, her y\u0131l olman\u0131z gerekir&nbsp;&nbsp;ve Ekim &#8211; Kas\u0131m aylar\u0131 i\u00e7erisinde yap\u0131lmas\u0131 \u00f6nerilmektedir.<br>Ciddi (kronik) bir hastal\u0131\u011f\u0131n\u0131z varsa, grip a\u015f\u0131s\u0131 olman\u0131z gerekir. Bu hastal\u0131klar kalp yetmezli\u011fi, b\u00f6brek veya karaci\u011fer hastal\u0131\u011f\u0131, ast\u0131m ve diyabettir.&nbsp;Bunun d\u0131\u015f\u0131nda toplu olarak bir arada ya\u015famakta olanlara ve a\u015f\u0131lanmak isteyenlere de \u00f6nerilmektedir.<\/p>\t\t\t\t\t\t\t\t<\/div>\n\t\t\t\t\t<\/div>\n\t\t\t\t<\/div>\n\t\t\t\t<\/div>\n\t\t","protected":false},"excerpt":{"rendered":"<p>\u0130pek Sa\u011fl\u0131k Laboratuvar hizmeti;&nbsp;\u00e7al\u0131\u015fanlar\u0131n i\u015fe giri\u015f ve periyodik sa\u011fl\u0131k taramalar\u0131n\u0131 i\u015fin niteli\u011fine g\u00f6re titizlikle yaparak ayn\u0131 g\u00fcn sonu\u00e7land\u0131rmaktad\u0131r.&nbsp; \u0130\u015fe giri\u015f sa\u011fl\u0131k raporlar\u0131m\u0131z, veri tabanl\u0131 alt yap\u0131m\u0131z ile&nbsp;sa\u011fl\u0131k bilgi y\u00f6netim sistemine entegre edilecek \u015fekilde d\u00fczenlenmi\u015ftir. T\u00fcm sonu\u00e7lar\u0131m\u0131z uzman hekimler taraf\u0131ndan e-imza ile onayl\u0131 olarak y\u00fcklenmektedir. Her firmaya \u00f6zel tan\u0131mlad\u0131\u011f\u0131m\u0131z \u015fifre ile t\u00fcm m\u00fc\u015fterilerimiz sonu\u00e7lara dijital ortamda [&hellip;]<\/p>\n","protected":false},"author":1,"featured_media":0,"parent":0,"menu_order":0,"comment_status":"closed","ping_status":"closed","template":"","meta":{"footnotes":""},"class_list":["post-39","page","type-page","status-publish","hentry"],"blocksy_meta":[],"yoast_head":"<!-- This site is optimized with the Yoast SEO plugin v25.6 - https:\/\/yoast.com\/wordpress\/plugins\/seo\/ -->\n<title>Laboratuvar Hizmetleri -<\/title>\n<meta name=\"robots\" content=\"index, follow, max-snippet:-1, max-image-preview:large, max-video-preview:-1\" \/>\n<link rel=\"canonical\" href=\"https:\/\/demo.ipekosgb.com.tr\/?page_id=39\" \/>\n<meta property=\"og:locale\" content=\"tr_TR\" \/>\n<meta property=\"og:type\" content=\"article\" \/>\n<meta property=\"og:title\" content=\"Laboratuvar Hizmetleri -\" \/>\n<meta property=\"og:description\" content=\"\u0130pek Sa\u011fl\u0131k Laboratuvar hizmeti;&nbsp;\u00e7al\u0131\u015fanlar\u0131n i\u015fe giri\u015f ve periyodik sa\u011fl\u0131k taramalar\u0131n\u0131 i\u015fin niteli\u011fine g\u00f6re titizlikle yaparak ayn\u0131 g\u00fcn sonu\u00e7land\u0131rmaktad\u0131r.&nbsp; \u0130\u015fe giri\u015f sa\u011fl\u0131k raporlar\u0131m\u0131z, veri tabanl\u0131 alt yap\u0131m\u0131z ile&nbsp;sa\u011fl\u0131k bilgi y\u00f6netim sistemine entegre edilecek \u015fekilde d\u00fczenlenmi\u015ftir. T\u00fcm sonu\u00e7lar\u0131m\u0131z uzman hekimler taraf\u0131ndan e-imza ile onayl\u0131 olarak y\u00fcklenmektedir. Her firmaya \u00f6zel tan\u0131mlad\u0131\u011f\u0131m\u0131z \u015fifre ile t\u00fcm m\u00fc\u015fterilerimiz sonu\u00e7lara dijital ortamda [&hellip;]\" \/>\n<meta property=\"og:url\" content=\"https:\/\/demo.ipekosgb.com.tr\/?page_id=39\" \/>\n<meta property=\"article:modified_time\" content=\"2025-08-05T11:48:37+00:00\" \/>\n<meta property=\"og:image\" content=\"https:\/\/demo.ipekosgb.com.tr\/wp-content\/uploads\/2025\/08\/1.jpg\" \/>\n\t<meta property=\"og:image:width\" content=\"2048\" \/>\n\t<meta property=\"og:image:height\" content=\"1365\" \/>\n\t<meta property=\"og:image:type\" content=\"image\/jpeg\" \/>\n<meta name=\"twitter:card\" content=\"summary_large_image\" \/>\n<meta name=\"twitter:label1\" content=\"Tahmini okuma s\u00fcresi\" \/>\n\t<meta name=\"twitter:data1\" content=\"5 dakika\" \/>\n<script type=\"application\/ld+json\" class=\"yoast-schema-graph\">{\"@context\":\"https:\/\/schema.org\",\"@graph\":[{\"@type\":\"WebPage\",\"@id\":\"https:\/\/demo.ipekosgb.com.tr\/?page_id=39\",\"url\":\"https:\/\/demo.ipekosgb.com.tr\/?page_id=39\",\"name\":\"Laboratuvar Hizmetleri -\",\"isPartOf\":{\"@id\":\"https:\/\/demo.ipekosgb.com.tr\/#website\"},\"primaryImageOfPage\":{\"@id\":\"https:\/\/demo.ipekosgb.com.tr\/?page_id=39#primaryimage\"},\"image\":{\"@id\":\"https:\/\/demo.ipekosgb.com.tr\/?page_id=39#primaryimage\"},\"thumbnailUrl\":\"https:\/\/demo.ipekosgb.com.tr\/wp-content\/uploads\/2025\/08\/1-1536x1024.jpg\",\"datePublished\":\"2025-08-05T11:16:37+00:00\",\"dateModified\":\"2025-08-05T11:48:37+00:00\",\"breadcrumb\":{\"@id\":\"https:\/\/demo.ipekosgb.com.tr\/?page_id=39#breadcrumb\"},\"inLanguage\":\"tr\",\"potentialAction\":[{\"@type\":\"ReadAction\",\"target\":[\"https:\/\/demo.ipekosgb.com.tr\/?page_id=39\"]}]},{\"@type\":\"ImageObject\",\"inLanguage\":\"tr\",\"@id\":\"https:\/\/demo.ipekosgb.com.tr\/?page_id=39#primaryimage\",\"url\":\"https:\/\/demo.ipekosgb.com.tr\/wp-content\/uploads\/2025\/08\/1.jpg\",\"contentUrl\":\"https:\/\/demo.ipekosgb.com.tr\/wp-content\/uploads\/2025\/08\/1.jpg\",\"width\":2048,\"height\":1365,\"caption\":\"Professional equipment for scientific research displayed on desk at lab\"},{\"@type\":\"BreadcrumbList\",\"@id\":\"https:\/\/demo.ipekosgb.com.tr\/?page_id=39#breadcrumb\",\"itemListElement\":[{\"@type\":\"ListItem\",\"position\":1,\"name\":\"Anasayfa\",\"item\":\"https:\/\/demo.ipekosgb.com.tr\/\"},{\"@type\":\"ListItem\",\"position\":2,\"name\":\"Laboratuvar Hizmetleri\"}]},{\"@type\":\"WebSite\",\"@id\":\"https:\/\/demo.ipekosgb.com.tr\/#website\",\"url\":\"https:\/\/demo.ipekosgb.com.tr\/\",\"name\":\"\",\"description\":\"\",\"potentialAction\":[{\"@type\":\"SearchAction\",\"target\":{\"@type\":\"EntryPoint\",\"urlTemplate\":\"https:\/\/demo.ipekosgb.com.tr\/?s={search_term_string}\"},\"query-input\":{\"@type\":\"PropertyValueSpecification\",\"valueRequired\":true,\"valueName\":\"search_term_string\"}}],\"inLanguage\":\"tr\"}]}<\/script>\n<!-- \/ Yoast SEO plugin. -->","yoast_head_json":{"title":"Laboratuvar Hizmetleri -","robots":{"index":"index","follow":"follow","max-snippet":"max-snippet:-1","max-image-preview":"max-image-preview:large","max-video-preview":"max-video-preview:-1"},"canonical":"https:\/\/demo.ipekosgb.com.tr\/?page_id=39","og_locale":"tr_TR","og_type":"article","og_title":"Laboratuvar Hizmetleri -","og_description":"\u0130pek Sa\u011fl\u0131k Laboratuvar hizmeti;&nbsp;\u00e7al\u0131\u015fanlar\u0131n i\u015fe giri\u015f ve periyodik sa\u011fl\u0131k taramalar\u0131n\u0131 i\u015fin niteli\u011fine g\u00f6re titizlikle yaparak ayn\u0131 g\u00fcn sonu\u00e7land\u0131rmaktad\u0131r.&nbsp; \u0130\u015fe giri\u015f sa\u011fl\u0131k raporlar\u0131m\u0131z, veri tabanl\u0131 alt yap\u0131m\u0131z ile&nbsp;sa\u011fl\u0131k bilgi y\u00f6netim sistemine entegre edilecek \u015fekilde d\u00fczenlenmi\u015ftir. T\u00fcm sonu\u00e7lar\u0131m\u0131z uzman hekimler taraf\u0131ndan e-imza ile onayl\u0131 olarak y\u00fcklenmektedir. Her firmaya \u00f6zel tan\u0131mlad\u0131\u011f\u0131m\u0131z \u015fifre ile t\u00fcm m\u00fc\u015fterilerimiz sonu\u00e7lara dijital ortamda [&hellip;]","og_url":"https:\/\/demo.ipekosgb.com.tr\/?page_id=39","article_modified_time":"2025-08-05T11:48:37+00:00","og_image":[{"width":2048,"height":1365,"url":"https:\/\/demo.ipekosgb.com.tr\/wp-content\/uploads\/2025\/08\/1.jpg","type":"image\/jpeg"}],"twitter_card":"summary_large_image","twitter_misc":{"Tahmini okuma s\u00fcresi":"5 dakika"},"schema":{"@context":"https:\/\/schema.org","@graph":[{"@type":"WebPage","@id":"https:\/\/demo.ipekosgb.com.tr\/?page_id=39","url":"https:\/\/demo.ipekosgb.com.tr\/?page_id=39","name":"Laboratuvar Hizmetleri -","isPartOf":{"@id":"https:\/\/demo.ipekosgb.com.tr\/#website"},"primaryImageOfPage":{"@id":"https:\/\/demo.ipekosgb.com.tr\/?page_id=39#primaryimage"},"image":{"@id":"https:\/\/demo.ipekosgb.com.tr\/?page_id=39#primaryimage"},"thumbnailUrl":"https:\/\/demo.ipekosgb.com.tr\/wp-content\/uploads\/2025\/08\/1-1536x1024.jpg","datePublished":"2025-08-05T11:16:37+00:00","dateModified":"2025-08-05T11:48:37+00:00","breadcrumb":{"@id":"https:\/\/demo.ipekosgb.com.tr\/?page_id=39#breadcrumb"},"inLanguage":"tr","potentialAction":[{"@type":"ReadAction","target":["https:\/\/demo.ipekosgb.com.tr\/?page_id=39"]}]},{"@type":"ImageObject","inLanguage":"tr","@id":"https:\/\/demo.ipekosgb.com.tr\/?page_id=39#primaryimage","url":"https:\/\/demo.ipekosgb.com.tr\/wp-content\/uploads\/2025\/08\/1.jpg","contentUrl":"https:\/\/demo.ipekosgb.com.tr\/wp-content\/uploads\/2025\/08\/1.jpg","width":2048,"height":1365,"caption":"Professional equipment for scientific research displayed on desk at lab"},{"@type":"BreadcrumbList","@id":"https:\/\/demo.ipekosgb.com.tr\/?page_id=39#breadcrumb","itemListElement":[{"@type":"ListItem","position":1,"name":"Anasayfa","item":"https:\/\/demo.ipekosgb.com.tr\/"},{"@type":"ListItem","position":2,"name":"Laboratuvar Hizmetleri"}]},{"@type":"WebSite","@id":"https:\/\/demo.ipekosgb.com.tr\/#website","url":"https:\/\/demo.ipekosgb.com.tr\/","name":"","description":"","potentialAction":[{"@type":"SearchAction","target":{"@type":"EntryPoint","urlTemplate":"https:\/\/demo.ipekosgb.com.tr\/?s={search_term_string}"},"query-input":{"@type":"PropertyValueSpecification","valueRequired":true,"valueName":"search_term_string"}}],"inLanguage":"tr"}]}},"_links":{"self":[{"href":"https:\/\/demo.ipekosgb.com.tr\/index.php?rest_route=\/wp\/v2\/pages\/39","targetHints":{"allow":["GET"]}}],"collection":[{"href":"https:\/\/demo.ipekosgb.com.tr\/index.php?rest_route=\/wp\/v2\/pages"}],"about":[{"href":"https:\/\/demo.ipekosgb.com.tr\/index.php?rest_route=\/wp\/v2\/types\/page"}],"author":[{"embeddable":true,"href":"https:\/\/demo.ipekosgb.com.tr\/index.php?rest_route=\/wp\/v2\/users\/1"}],"replies":[{"embeddable":true,"href":"https:\/\/demo.ipekosgb.com.tr\/index.php?rest_route=%2Fwp%2Fv2%2Fcomments&post=39"}],"version-history":[{"count":26,"href":"https:\/\/demo.ipekosgb.com.tr\/index.php?rest_route=\/wp\/v2\/pages\/39\/revisions"}],"predecessor-version":[{"id":79,"href":"https:\/\/demo.ipekosgb.com.tr\/index.php?rest_route=\/wp\/v2\/pages\/39\/revisions\/79"}],"wp:attachment":[{"href":"https:\/\/demo.ipekosgb.com.tr\/index.php?rest_route=%2Fwp%2Fv2%2Fmedia&parent=39"}],"curies":[{"name":"wp","href":"https:\/\/api.w.org\/{rel}","templated":true}]}}